?
3, 113, 8093
What are the prime factors of 110202?
2, 3, 18367
List the prime factors of 1003435.
5, 101, 1987
List the prime factors of 296423.
461, 643
List the prime factors of 112799.
112799
What are the prime factors of 62028?
2, 3, 1723
List the prime factors of 63254.
2, 31627
What are the prime factors of 177368?
2, 22171
What are the prime factors of 13904551?
13904551
List the prime factors of 1252407.
3, 13, 17, 1889
What are the prime factors of 122759?
7, 13, 19, 71
List the prime factors of 21772538.
2, 10886269
What are the prime factors of 1128099?
3, 7, 53719
What are the prime factors of 64660?
2, 5, 53, 61
What are the prime factors of 2711727?
3, 301303
List the prime factors of 189991.
313, 607
What are the prime factors of 183079?
13, 14083
List the prime factors of 5420765.
5, 7, 61, 2539
What are the prime factors of 296621?
13, 22817
List the prime factors of 995885.
5, 11, 19, 953
What are the prime factors of 4524454?
2, 11, 205657
What are the prime factors of 286764?
2, 3, 23, 1039
What are the prime factors of 2602869?
3, 867623
List the prime factors of 153561.
3, 17, 3011
What are the prime factors of 2796026?
2, 173, 8081
What are the prime factors of 16187852?
2, 4046963
What are the prime factors of 39232?
2, 613
What are the prime factors of 17662686?
2, 3, 2943781
List the prime factors of 23385446.
2, 7, 238627
What are the prime factors of 9586362?
2, 3, 149, 10723
List the prime factors of 1168628.
2, 292157
What are the prime factors of 2435612?
2, 608903
What are the prime factors of 1824498?
2, 3, 13, 23, 113
List the prime factors of 23303777.
7, 349, 9539
What are the prime factors of 349988?
2, 59, 1483
List the prime factors of 22508179.
19, 829, 1429
List the prime factors of 827774.
2, 413887
List the prime factors of 177186.
2, 3, 29531
List the prime factors of 8935473.
3, 2978491
What are the prime factors of 7873981?
23, 342347
List the prime factors of 749691.
3, 83299
List the prime factors of 917877.
3, 271, 1129
What are the prime factors of 6798532?
2, 13, 89, 113
List the prime factors of 162365.
5, 7, 4639
What are the prime factors of 3074468?
2, 73, 10529
List the prime factors of 4080485.
5, 43, 18979
What are the prime factors of 13317032?
2, 29, 61, 941
What are the prime factors of 2816455?
5, 167, 3373
What are the prime factors of 5209218?
2, 3, 7, 13781
List the prime factors of 517115.
5, 103423
What are the prime factors of 45044573?
7, 19, 48383
List the prime factors of 4638208.
2, 9059
What are the prime factors of 4511861?
43, 317, 331
What are the prime factors of 4387967?
47, 89, 1049
What are the prime factors of 4498839?
3, 19, 26309
List the prime factors of 195530.
2, 5, 19553
List the prime factors of 2591377.
103, 139, 181
List the prime factors of 409330.
2, 5, 40933
List the prime factors of 2641929.
3, 29, 30367
What are the prime factors of 310330?
2, 5, 31033
List the prime factors of 23643313.
73, 163, 1987
List the prime factors of 357237.
3, 101, 131
List the prime factors of 1779895.
5, 13, 139, 197
What are the prime factors of 28676?
2, 67, 107
List the prime factors of 1101789.
3, 13, 43, 73
What are the prime factors of 5965327?
5965327
List the prime factors of 303319.
53, 59, 97
What are the prime factors of 4041434?
2, 439, 4603
What are the prime factors of 710090?
2, 5, 17, 4177
What are the prime factors of 624353?
643, 971
List the prime factors of 3792055.
5, 758411
List the prime factors of 244744.
2, 30593
List the prime factors of 7378389.
3, 47, 17443
What are the prime factors of 3087673?
3087673
What are the prime factors of 8460054?
2, 3, 19, 29, 853
List the prime factors of 277528.
2, 113, 307
List the prime factors of 9968629.
11, 557, 1627
List the prime factors of 34690639.
61, 568699
List the prime factors of 2948757.
3, 7, 140417
List the prime factors of 510107.
13, 39239
List the prime factors of 219322.
2, 109661
List the prime factors of 10976249.
197, 55717
List the prime factors of 11315790.
2, 3, 5, 125731
What are the prime factors of 15148661?
11, 1377151
List the prime factors of 3564617.
7, 37, 13763
What are the prime factors of 12337311?
3, 7, 61, 9631
What are the prime factors of 9595125?
3, 5, 2843
What are the prime factors of 48294?
2, 3, 2683
What are the prime factors of 3802464?
2, 3, 163
List the prime factors of 708646.
2, 354323
List the prime factors of 545813.
19, 23, 1249
List the prime factors of 175794.
2, 3, 83, 353
What are the prime factors of 1089651?
3, 363217
What are the prime factors of 183090?
2, 3, 5, 17, 359
List the prime factors of 279108.
2, 3, 7753
List the prime factors of 8251564.
2, 2062891
What are the prime factors of 197024?
2, 47, 131
List the prime factors of 322660.
2, 5, 13, 17, 73
List the prime factors of 14995085.
5, 7, 19, 22549
What are the prime factors of 482455?
5, 47, 2053
List the prime factors of 1808808.
2, 3, 75367
What are the prime factors of 197410?
2, 5, 19, 1039
What are the prime factors of 26792?
2, 17, 197
What are the prime factors of 7521148?
2, 1880287
List the prime factors of 34547.
179, 193
What are the prime factors of 519851?
641, 811
List the prime factors of 1072745.
5, 103, 2083
What are the prime factors of 18407978?
2, 2617, 3517
What are the prime factors of 291508?
2, 7, 29, 359
What are the prime factors of 2778870?
2, 3, 5, 211, 439
What are the prime factors of 1922988?
2, 3, 191, 839
What are the prime factors of 671913?
3, 11, 617
What are the prime factors of 29776?
2, 1861
What are the prime factors of 2029478?
2, 11, 29, 3181
List the prime factors of 9399980.
2, 5, 17, 27647
List the prime factors of 11117615.
5, 47, 47309
List the prime factors of 1903587.
3, 7, 90647
List the prime factors of 436317.
3, 7, 79, 263
What are the prime factors of 804523?
804523
What are the prime factors of 134472?
2, 3, 13, 431
What are the prime factors of 292705?
5, 7, 8363
What are the prime factors of 61150?
2, 5, 1223
What are the prime factors of 2108346?
2, 3, 351391
What are the prime factors of 3411108?
2, 3, 19, 4987
List the prime factors of 29167.
29167
List the prime factors of 543581.
337, 1613
List the prime factors of 2859560.
2, 5, 11, 67, 97
What are the prime factors of 7079947?
7, 827, 1223
What are the prime factors of 1032529?
17, 60737
List the prime factors of 2405302.
2, 673, 1787
List the prime factors of 2959517.
11, 89, 3023
List the prime factors of 26969.
149, 181
What are the prime factors of 263012?
2, 47, 1399
List the prime factors of 164987.
164987
What are the prime factors of 29173?
29173
What are the prime factors of 869652?
2, 3, 7, 17, 29
List the prime factors of 3509909.
13, 109, 2477
List the prime factors of 346922.
2, 89, 1949
What are the prime factors of 246580?
2, 5, 12329
What are the prime factors of 448354?
2, 224177
What are the prime factors of 18884242?
2, 13, 23, 1373
List the prime factors of 235021.
197, 1193
List the prime factors of 6767994.
2, 3, 53, 21283
List the prime factors of 224862.
2, 3, 11, 3407
What are the prime factors of 12647173?
7, 11, 164249
What are the prime factors of 220030?
2, 5, 22003
List the prime factors of 397867.
397867
List the prime factors of 368904.
2, 3, 19, 809
List the prime factors of 4930540.
2, 5, 246527
What are the prime factors of 20338542?
2, 3, 7, 31, 41, 127
List the prime factors of 34615.
5, 7, 23, 43
List the prime factors of 19485184.
2, 19, 2003
List the prime factors of 4878.
2, 3, 271
List the prime factors of 34912825.
5, 1396513
List the prime factors of 784999.
307, 2557
What are the prime factors of 8462084?
2, 29, 72949
What are the prime factors of 35696060?
2, 5, 19, 93937
List the prime factors of 4022820.
2, 3, 5, 22349
List the prime factors of 399487.
11, 23, 1579
What are the prime factors of 877211?
19, 137, 337
List the prime factors of 115802.
2, 57901
What are the prime factors of 2909535?
3, 5, 47, 4127
List the prime factors of 6847198.
2, 3423599
List the prime factors of 32968773.
3, 3663197
List the prime factors of 368906.
2, 139, 1327
What are the prime factors of 875436?
2, 3, 72953
List the prime factors of 121165.
5, 11, 2203
What are the prime factors of 787255?
5, 7, 83, 271
List the prime factors of 1322